digit of 135072619?
2
What is the thousands digit of 51450896?
0
What is the millions digit of 117997385?
7
What is the hundreds digit of 183453191?
1
What is the hundreds digit of 686044963?
9
What is the ten millions digit of 127494967?
2
What is the ten millions digit of 3023776445?
2
What is the millions digit of 1694892735?
4
What is the hundreds digit of 70874722?
7
What is the millions digit of 7139872?
7
What is the tens digit of 4821509624?
2
What is the hundred thousands digit of 1074593683?
5
What is the thousands digit of 108592297?
2
What is the tens digit of 472147515?
1
What is the ten millions digit of 625046183?
2
What is the billions digit of 3841358329?
3
What is the ten millions digit of 4207782178?
0
What is the ten millions digit of 40978889?
4
What is the ten thousands digit of 470633223?
3
What is the tens digit of 253154327?
2
What is the billions digit of 1723375730?
1
What is the hundred thousands digit of 511650478?
6
What is the ten thousands digit of 62790922?
9
What is the hundred thousands digit of 56535906?
5
What is the millions digit of 313692265?
3
What is the millions digit of 9382665?
9
What is the hundreds digit of 1156991666?
6
What is the ten millions digit of 14089753?
1
What is the ten thousands digit of 1060424756?
2
What is the units digit of 202757371?
1
What is the tens digit of 379035078?
7
What is the units digit of 303441426?
6
What is the ten millions digit of 178297418?
7
What is the units digit of 1690559163?
3
What is the thousands digit of 33036674?
6
What is the thousands digit of 602889088?
9
What is the ten thousands digit of 11352453?
5
What is the thousands digit of 37001715?
1
What is the ten millions digit of 891552997?
9
What is the thousands digit of 21576037?
6
What is the millions digit of 251610443?
1
What is the ten millions digit of 622953571?
2
What is the tens digit of 83725892?
9
What is the tens digit of 1314163537?
3
What is the ten thousands digit of 1058446557?
4
What is the ten millions digit of 143954586?
4
What is the units digit of 27293525?
5
What is the hundreds digit of 231278097?
0
What is the hundred millions digit of 721493538?
7
What is the hundred thousands digit of 511015944?
0
What is the ten millions digit of 164859969?
6
What is the hundreds digit of 568340891?
8
What is the millions digit of 277875433?
7
What is the hundreds digit of 93671723?
7
What is the thousands digit of 501075085?
5
What is the units digit of 10525493?
3
What is the hundreds digit of 61339762?
7
What is the hundreds digit of 3379379680?
6
What is the tens digit of 58733570?
7
What is the tens digit of 13643831?
3
What is the hundred millions digit of 201251032?
2
What is the ten thousands digit of 638070995?
7
What is the millions digit of 4228422509?
8
What is the hundred millions digit of 830053770?
8
What is the thousands digit of 100209906?
9
What is the millions digit of 44356276?
4
What is the billions digit of 2881815267?
2
What is the hundred thousands digit of 1027241624?
2
What is the units digit of 63422886?
6
What is the ten thousands digit of 9958095?
5
What is the thousands digit of 388605736?
5
What is the ten millions digit of 23448836?
2
What is the millions digit of 46679557?
6
What is the billions digit of 4735621046?
4
What is the millions digit of 247254699?
7
What is the millions digit of 69553069?
9
What is the units digit of 3198276628?
8
What is the tens digit of 169535116?
1
What is the units digit of 299642831?
1
What is the ten millions digit of 647383833?
4
What is the units digit of 26075492?
2
What is the tens digit of 221745835?
3
What is the billions digit of 7434120828?
7
What is the thousands digit of 224977759?
7
What is the ten thousands digit of 21878317?
7
What is the hundred millions digit of 376927416?
3
What is the millions digit of 1245345811?
5
What is the ten thousands digit of 6437285?
3
What is the thousands digit of 658078115?
8
What is the units digit of 12504015?
5
What is the ten thousands digit of 315389056?
8
What is the ten millions digit of 686138505?
8
What is the hundred millions digit of 898609044?
8
What is the ten thousands digit of 33066098?
6
What is the units digit of 24764613?
3
What is the ten millions digit of 3679257869?
7
What is the millions digit of 63326470?
3
What is the hundred thousands digit of 405500031?
5
What is the thousands digit of 16260124?
0
What is the millions digit of 104028525?
4
What is the hundred millions digit of 135235282?
1
What is the hundred thousands digit of 6013454?
0
What is the thousands digit of 2152808?
2
What is the tens digit of 662457776?
7
What is the hundred millions digit of 2144046186?
1
What is the hundreds digit of 377642419?
4
What is the ten thousands digit of 3344623?
4
What is the millions digit of 8352988?
8
What is the ten thousands digit of 1688102840?
0
What is the ten millions digit of 29906170?
2
What is the millions digit of 121889936?
1
What is the hundreds digit of 63369978?
9
What is the hundreds digit of 68608202?
2
What is the ten thousands digit of 5563779545?
7
What is the millions digit of 285528219?
5
What is the ten thousands digit of 3826020018?
2
What is the ten millions digit of 1034179529?
3
What is the tens digit of 356724418?
1
What is the hundred thousands digit of 1783815?
7
What is the ten millions digit of 26788877?
2
What is the millions digit of 860752601?
0
What is the hundred thousands digit of 57262131?
2
What is the millions digit of 796159945?
6
What is the tens digit of 1142677121?
2
What is the ten millions digit of 162760826?
6
What is the hundred thousands digit of 2096596436?
5
What is the tens digit of 338327844?
4
What is the hundreds digit of 9830119?
1
What is the units digit of 30845708?
8
What is the millions digit of 101637746?
1
What is the ten millions digit of 32619718?
3
What is the hundreds digit of 7775640390?
3
What is the units digit of 698018548?
8
What is the millions digit of 213688362?
3
What is the millions digit of 77420526?
7
What is the ten millions digit of 48733159?
4
What is the units digit of 752916453?
3
What is the ten thousands digit of 179006856?
0
What is the hundred thousands digit of 1508806562?
8
What is the ten thousands digit of 546998657?
9
What is the ten millions digit of 1128761917?
2
What is the millions digit of 7661895672?
1
What is the tens digit of 71833223?
2
What is the units digit of 165282513?
3
What is the hundreds digit of 558784014?
0
What is the ten thousands digit of 62694131?
9
What is the thousands digit of 491578643?
8
What is the millions digit of 5309958759?
9
What is the hundred thousands digit of 70475307?
4
What is the ten millions digit of 1107638086?
0
What is the units digit of 189978538?
8
What is the billions digit of 3898289034?
3
What is the tens digit of 927429463?
6
What is the thousands digit of 2160133349?
3
What is the hundred millions digit of 233314337?
2
What is the hundred millions digit of 796653538?
7
What is the millions digit of 106316132?
6
What is the tens digit of 48469291?
9
What is the hundred thousands digit of 255849101?
8
What is the millions digit of 8483018080?
3
What is the thousands digit of 716805893?
5
What is the hundred thousands digit of 16868856?
8
What is the hundred millions digit of 189261697?
1
What is the billions digit of 1391538021?
1
What is the units digit of 17185202?
2
What is the ten thousands digit of 11445049?
4
What is the tens digit of 46802520?
2
What is the units digit of 1074120670?
0
What is the thousands digit of 58492085?
2
What is the thousands digit of 612994622?
4
What is the hundreds digit of 608928284?
2
What is the tens digit of 55548226?
2
What is the hundreds digit of 664803386?
3
What is the ten thousands digit of 1538944813?
4
What is the ten millions digit of 75251651?
7
What is the thousands digit of 10793179?
3
What is the billions digit of 1123232160?
1
What is the units digit of 351076858?
8
What is the hundred thousands digit of 48479573?
4
What is the hundreds digit of 405552416?
4
What is the ten millions digit of 4359609933?
5
What is the ten thousands digit of 524710122?
1
What is the hundreds digit of 152167390?
3
What is the tens digit of 214711957?
5
What is the millions digit of 